511 (base 6) to base 13.
1a776
38299 (base 10) to base 3
1221112111
Convert 9b2a8 (base 12) to base 14.
5513a
8b4552 (base 12) to base 10
2226446
Convert 1073ee (base 16) to base 4.
10013033232
What is -207633 (base 13) in base 8?
-2712355
What is 661143 (base 7) in base 16?
1c3d7
100101010111000111000111 (base 2) to base 3
200102120211102
Convert 6eb3d8 (base 16) to base 12.
251a5b4
What is 1252762 (base 8) in base 9?
582605
Convert -11012202220102 (base 3) to base 14.
-424186
-1455325 (base 7) to base 5
-22330023
Convert -354030403 (base 6) to base 4.
-121102131003
What is -37a92a (base 12) in base 6?
-31302054
a8a5 (base 14) to base 4
13013201
Convert -d0d82 (base 14) to base 10.
-502070
What is -253163 (base 9) in base 10?
-153228
What is 2014034 (base 5) in base 6?
405550
Convert -100130032021 (base 4) to base 9.
-8088054
What is -688485 (base 9) in base 5?
-101204030
What is 1d638d (base 14) in base 9?
1876335
Convert 132120013213 (base 4) to base 5.
4014304421
Convert -2241130033 (base 5) to base 2.
-10011001001101111100011
-212020022010 (base 3) to base 2
-1101111101001010110
What is 3538367 (base 10) in base 14?
6816c7
What is -1378843 (base 9) in base 8?
-2716312
-178349 (base 12) to base 4
-1203223221
What is c5967 (base 14) in base 12?
1ab95b
Convert -2112102202200 (base 3) to base 10.
-1347021
Convert -1014414442 (base 5) to base 10.
-2107497
What is b79b8 (base 14) in base 3?
211112122201
Convert 1100011111110110000 (base 2) to base 5.
101101040
Convert -227132 (base 11) to base 2.
-1011000000110011001
What is -a8ba26 (base 14) in base 5?
-2430431441
c8750 (base 13) to base 14
95a96
What is 2003551 (base 6) in base 16?
16fdb
What is 2419d (base 15) in base 9?
184824
Convert -11100001101101111110110 (base 2) to base 11.
-41a1a88
Convert -1745587 (base 12) to base 11.
-27a2554
2091c0 (base 14) to base 13
2c700b
-311308 (base 11) to base 2
-1111001111100101000
2131224 (base 6) to base 2
11001101101000000
24253143 (base 6) to base 12
3111b3
Convert -5876a55 (base 11) to base 13.
-21820c7
Convert -12220013 (base 4) to base 5.
-1332033
What is -7031c (base 14) in base 3?
-111200201110
Convert 47763 (base 10) to base 15.
e243
Convert 746544 (base 8) to base 4.
330311210
What is 1223100222 (base 4) in base 6?
13225550
324543 (base 8) to base 4
122211203
Convert 15540251 (base 6) to base 2.
10001000000101000111
What is 69a05c (base 13) in base 4?
21210001212
-5301522 (base 7) to base 8
-2340446
-3322434 (base 6) to base 5
-20311421
2234521 (base 7) to base 11
17a748
-26db2 (base 16) to base 13
-57598
Convert -120221002 (base 4) to base 7.
-600154
What is -177140 (base 8) in base 10?
-65120
What is 2303541 (base 6) in base 7?
666355
What is -13113022110 (base 4) in base 10?
-1929876
What is -294b0 (base 14) in base 4?
-121001002
-5334415 (base 6) to base 11
-169531
What is -10051423 (base 6) in base 3?
-112120101220
-291b9 (base 13) to base 16
-12da0
-23010114 (base 6) to base 16
-ab2fe
18845 (base 9) to base 6
140322
-254bb4 (base 14) to base 13
-35b0cb
Convert -82a71a5 (base 11) to base 13.
-305c588
Convert 1013253 (base 6) to base 12.
24229
What is c5a65 (base 13) in base 3?
200001122022
-2869911 (base 10) to base 4
-22330222113
What is 1351623 (base 9) in base 2?
10110101010011100101
Convert 13577113 (base 8) to base 10.
3079755
Convert 222010120102 (base 3) to base 15.
a260b
Convert 31c64 (base 13) to base 2.
10101111110000110
-54226244 (base 8) to base 13
-25370bc
Convert -15939 (base 16) to base 3.
-11111020020
What is -4573b (base 12) in base 7?
-534041
-14261348 (base 9) to base 2
-11010111101011001001101
Convert -6a40c3 (base 14) to base 6.
-205345403
What is bc7c8 (base 13) in base 15?
6b472
Convert 134b6 (base 13) to base 7.
206614
202011002021 (base 3) to base 16
60d5d
Convert -1144230431 (base 5) to base 10.
-2726991
What is 24306605 (base 7) in base 5?
1023423320
What is 7bf24b (base 16) in base 8?
36771113
What is -10111001000101010000100 (base 2) in base 13?
-134462c
What is -42154115 (base 7) in base 14?
-6893b5
What is 100110000101000011 (base 2) in base 14?
40bab
Convert -11000100110001011 (base 2) to base 8.
-304613
Convert -50005134 (base 6) to base 9.
-2564504
Convert -7830633 (base 9) to base 11.
-2418058
-1262082 (base 9) to base 10
-690437
What is 1714d6 (base 15) in base 11?
6a415a
-11931a3 (base 13) to base 7
-64266220
What is 6684a (base 13) in base 2?
101101011001101010
Convert -1165140 (base 7) to base 12.
-73226
What is 3420a0 (base 11) in base 4?
2010323221
Convert -71c79 (base 13) to base 12.
-9a250
What is 10004125 (base 7) in base 9?
1486587
Convert -32010224 (base 5) to base 8.
-1010112
a8 (base 14) to base 9
174
What is -103020211 (base 4) in base 9?
-128451
-344278 (base 9) to base 12
-9b638
What is 3a436 (base 12) in base 2?
10011100011101010
-331c00 (base 14) to base 8
-6472270
-45b67 (base 12) to base 8
-266077
What is -2a3042 (base 11) in base 12?
-1a9573
-55485 (base 9) to base 6
-442335
-14051218 (base 10) to base 5
-12044114333
-72764 (base 10) to base 12
-36138
What is 414c0 (base 15) in base 3?
101111220000
Convert 134164520 (base 7) to base 14.
1236a10
1309552 (base 12) to base 8
16231716
What is 12213214 (base 5) in base 2?
11100011111001100
113d98 (base 16) to base 4
10103312120
Convert -1beac (base 15) to base 13.
-325aa
-1111100001000000 (base 2) to base 12
-30940
1023342 (base 6) to base 11
34652
-11121c (base 15) to base 11
-506506
What is -110c5bb (base 15) in base 4?
-232200200321
-a003d (base 16) to base 5
-131433141
Convert -24055242 (base 6) to base 3.
-1102022111122
What is -10010101110100001000010 (base 2) in base 16?
-4ae842
122a88 (base 11) to base 8
573375
-7124d (base 14) to base 13
-96b21
Convert -22550020 (base 6) to base 10.
-698556
What is 300331131 (base 4) in base 5?
22404131
Convert 3422313210 (base 5) to base 15.
a07ac0
7043b (base 12) to base 9
241862
Convert -11221102101022 (base 3) to base 10.
-2626136
-8c835 (base 14) to base 4
-1103131233
-4413444 (base 7) to base 13
-15c606
Convert aa9834 (base 11) to base 9.
3286760
Convert 3507257 (base 9) to base 10.
1894885
Convert -5045153 (base 7) to base 15.
-bca1b
31073217 (base 8) to base 14
c35583
What is 2420735 (base 9) in base 10?
1312799
Convert 653240 (base 8) to base 15.
44c59
What is 1662234 (base 9) in base 3?
1202002021011
Convert 16378 (base 14) to base 3.
2211020022
What is 10353 (base 16) in base 11?
45972
-10351 (base 15) to base 8
-144260
What is 3041140241 (base 5) in base 4?
113220000230
What is -1483777 (base 9) in base 16?
-c8ea5
-10001010010000000 (base 2) to base 8
-212200
What is 45525511 (base 6) in base 13?
39b3c5
What is 11332022 (base 5) in base 4?
121230232
What is 791b8 (base 15) in base 11?
243405
Convert -10441415 (base 6) to base 11.
-1a6954
4440150 (base 6) to base 13
7a652
Convert 2000000210 (base 3) to base 9.
60023
-10042020 (base 5) to base 10
-80885
21641 (base 13) to base 2
1110101111100010
What is -922047 (base 11) in base 3?
-2210021011200
-611595 (base 10) to base 3
-1011001221200
Convert -23321001223 (base 4) to base 9.
-5770844
4314444132 (base 5) to base 12
30897ba
Convert 33430003 (base 6) to base 14.
1c5b59
What is -6297061 (base 12) in base 3?
-1022000121100201
Convert b9de78 (base 15) to base 14.
1267516
Convert -14121024 (base 6) to base 15.
-965aa
1045224453 (base 6) to base 16
aeb631
What is -5bd174 (base 14) in base 16?
-300792
Convert -125354516 (base 7) to base 2.
-11110110000110010111100
-12a4cb (base 13) to base 5
-103414403
Convert -12224240210 (base 5) to base 6.
-1242354040
110010000011100010011 (base 2) to base 11
a20351
Convert 11101000211100 (base 3) to base 6.
121443313
Convert 231220003 (base 4) to base 11.
118454
-69aba (base 15) to base 16
-522a6
-33a28a (base 13) to base 15
-192109
Convert -197c558 (base 13) to base 5.
-4122130110
-131103040 (base 5) to base 3
-1012201121020
Convert -211110100212000 (base 3) to base 6.
-1103451000
Convert 50275131 (base 8) to base 6.
1014453333
What is 20220121100 (base 3) in base 16?
21363
What is 19b4511 (base 13) in base 4?
200121103220
200103021 (base 4) to base 7
1060464
Convert -51153 (base 11) to base 4.
-102033123
What is -1c60a (base 16) in base 15?
-2468e
Convert -354146 (base 8) to base 11.
-82950
49b7a 